= 3*f**2 + 363*f + 10988. Determine a(-64).
44
Let j(g) = -g**3 + 11*g**2 + 189*g - 1846. Calculate j(14).
212
Let f(a) = -7*a**2 + 232*a - 198. Calculate f(26).
1102
Let i(a) = -2590*a + 125205. What is i(48)?
885
Let k(i) = 488*i + 149957. Give k(-307).
141
Let y(m) = m**2 + 755*m + 9645. What is y(-13)?
-1
Let z(r) = 3110*r + 9366. What is z(-3)?
36
Let k(m) = -m**3 - 9*m**2 + 127*m - 69. Give k(7).
36
Let a(x) = x**2 - 26638*x + 6675415. Determine a(253).
10
Let n(o) = o**3 - 127*o**2 + 2052*o - 40. Give n(19).
-40
Let p(w) = -6*w**2 + 1818*w + 89571. What is p(-43)?
303
Let b(m) = -2*m**2 - 124*m - 455. Calculate b(-4).
9
Let y(z) = -4*z**3 - 69*z**2 - 43*z - 582. Give y(-17).
-140
Let m(i) = 4*i**3 + 4*i**2 - 24*i + 110. Determine m(5).
590
Let c(g) = -g**3 + 23*g**2 - 9*g + 1043. Give c(25).
-432
Let z(n) = -3*n**3 - 2*n**2 + 20*n - 59. Determine z(-8).
1189
Let y(b) = -31*b - 762. Give y(-24).
-18
Let y(d) = -20*d**2 - 407*d + 35140. Give y(33).
-71
Let q(m) = 14005*m + 56076. What is q(-4)?
56
Let x(h) = 581*h**2 + 19765*h + 84. Determine x(-34).
-290
Let r(x) = x**2 - 1257*x - 2445900. Give r(-1057).
-2
Let n(v) = -34836*v - 313517. What is n(-9)?
7
Let u(r) = 20*r**2 + 427*r - 7108. Determine u(11).
9
Let z(k) = -k**3 - 106*k**2 + 216*k + 390. What is z(-108)?
390
Let j(u) = 20*u**2 - 69*u - 197. Give j(7).
300
Let g(y) = -2*y**3 - 266*y**2 - 148*y - 19675. Calculate g(-133).
9
Let c(d) = 6*d**2 + 202*d + 10. Give c(-35).
290
Let v(z) = 288172*z - 3746237. What is v(13)?
-1
Let o(b) = -b**2 - 525*b - 66995. Determine o(-306).
19
Let u(c) = 889*c**2 - 4*c - 3. What is u(0)?
-3
Let n(y) = -11030*y - 3430330. Calculate n(-311).
0
Let p(y) = -2*y**2 + 19*y + 1412. Calculate p(36).
-496
Let p(l) = l**3 + 408*l**2 - 1634*l + 5766. Give p(-412).
-2
Let a(x) = 2*x**3 - x**2 + 2092*x + 14626. Calculate a(-7).
-753
Let k(h) = -2*h**3 - 584*h**2 - 15724*h - 1045. What is k(-262)?
3
Let z(i) = -34*i**2 - 2688*i + 28. Calculate z(-78).
2836
Let n(q) = 197493*q + 1777439. Determine n(-9).
2
Let n(z) = -z**3 - 141*z**2 + 43*z + 44582. Give n(-139).
-37
Let p(j) = 1058*j + 7405. Calculate p(-7).
-1
Let n(j) = -3*j**3 - j**2 + 581*j - 2110. Calculate n(4).
6
Let x(d) = d**3 - 94*d**2 + 1403*d - 143. Determine x(18).
487
Let h(f) = 4*f**3 + 49*f**2 + 166*f + 134. What is h(-7)?
1
Let w(g) = -12*g**3 - 72*g**2 + 70*g - 62. Give w(-7).
36
Let f(h) = 502*h + 3972. What is f(-8)?
-44
Let x(a) = -5760*a + 11487. Calculate x(2).
-33
Let f(b) = -698*b**3 + 2*b**2 - 50*b - 52. What is f(-1)?
698
Let l(i) = i**3 + 1642*i**2 + 646152*i + 4. Calculate l(-654).
4
Let k(x) = x**2 + 66*x - 4576. Give k(42).
-40
Let q(v) = 38*v**3 - 1598*v**2 + 113*v + 104. What is q(42)?
1322
Let a(l) = -164*l + 2301. Give a(19).
-815
Let f(z) = 660*z + 73415. Calculate f(-111).
155
Let o(j) = -15810*j + 1407086. Determine o(89).
-4
Let t(s) = 131505*s - 4339674. Give t(33).
-9
Let q(r) = -577*r**2 - 78*r - 90. Calculate q(-1).
-589
Let s(g) = -12*g**3 + 2159*g**2 + 176*g + 272. Give s(180).
-448
Let a(p) = 2*p**3 - 62*p**2 - 1000*p + 31655. Calculate a(30).
-145
Let f(x) = -x**3 + 112*x**2 + 479*x - 15399. Give f(115).
11
Let b(v) = -126*v + 13270. Give b(106).
-86
Let q(y) = -8*y**2 + 71895*y - 3005472. Give q(42).
6
Let u(d) = 4*d**2 - 448*d + 3241. Give u(8).
-87
Let l(b) = -17750*b - 337176. What is l(-19)?
74
Let k(h) = h**2 + 180*h + 4231. What is k(-30)?
-269
Let g(z) = 5675*z - 238499. Determine g(42).
-149
Let v(d) = 115380*d + 115389. What is v(-1)?
9
Let j(s) = s**2 + 2164*s - 52571. Determine j(24).
-59
Let x(v) = -3*v**2 - 91*v + 585. Give x(10).
-625
Let t(o) = -2*o**3 - 127*o**2 - 75*o - 808. What is t(-63)?
-52
Let b(s) = 508*s - 76228. Calculate b(150).
-28
Let o(p) = -25*p - 4957. What is o(-197)?
-32
Let g(l) = 4*l**2 - 123*l + 522. Determine g(27).
117
Let v(p) = -52988*p - 1112333. Determine v(-21).
415
Let g(d) = -d**2 - 522617*d - 2613060. Determine g(-5).
0
Let g(u) = 941*u**2 + 18819*u - 25. Give g(-20).
-5
Let h(g) = -g**3 - 21*g**2 + 201*g + 1484. What is h(-26)?
-362
Let i(h) = h**3 - 6*h**2 - 156*h + 897. Calculate i(6).
-39
Let i(t) = -106*t**2 - 30802*t - 121516. Determine i(-4).
-4
Let l(g) = 2*g**3 + 109*g**2 + 1417*g + 88757. Calculate l(-56).
-3
Let r(a) = -7*a**3 - 250*a**2 + 85*a + 511. Calculate r(-36).
43
Let x(q) = 7682*q + 1144615. Give x(-149).
-3
Let g(z) = 73494*z - 73482. Determine g(1).
12
Let l(x) = 1001*x + 35. Give l(-1).
-966
Let a(s) = 10399*s - 1138. Determine a(0).
-1138
Let k(g) = -163645*g - 1145369. Give k(-7).
146
Let h(o) = -8870058*o - 35480238. What is h(-4)?
-6
Let r(z) = -18*z - 2758. Give r(-116).
-670
Let o(c) = 704*c - 63359. Calculate o(90).
1
Let p(d) = d**3 - 246*d**2 + 11*d + 116583. What is p(244)?
195
Let j(i) = 3*i**3 + 88*i**2 + 201*i + 4948. Give j(-29).
-40
Let c(h) = -884*h - 91960. Give c(-104).
-24
Let j(y) = -417*y + 7256. Give j(16).
584
Let q(k) = 6*k**3 - 35*k**2 - 162*k + 936. Determine q(6).
0
Let x(f) = -f**2 - 16192*f + 356704. Determine x(22).
-4
Let f(x) = -x**2 - 74851*x - 523907. Determine f(-7).
1
Let d(t) = 2*t**2 - 174*t + 1833. Determine d(12).
33
Let r(p) = -p**3 + 539*p**2 + 503*p + 19903. Calculate r(540).
-77
Let t(m) = -62*m**2 + 2402*m - 22456. Give t(23).
-8
Let c(w) = w**3 + 195*w**2 - 31503*w - 917. What is c(-300)?
-17
Let v(a) = 31*a**3 - 135*a**2 + 44*a - 5. Determine v(4).
-5
Let f(y) = 14*y**2 + 579*y + 3871. Calculate f(-33).
10
Let w(g) = g**3 + 143*g**2 + 670*g - 2738. What is w(-138)?
22
Let b(g) = -4*g**2 - 73*g - 948. What is b(-18)?
-930
Let z(a) = 1643*a - 193. Give z(-1).
-1836
Let l(z) = -54*z**3 - 173*z**2 - 53*z - 35. Calculate l(-3).
25
Let w(h) = h**3 + 67*h**2 + 232*h - 1327. What is w(-63)?
-67
Let t(c) = -18*c**2 - 878*c + 1100. Determine t(-50).
0
Let s(p) = 8*p**2 + 278*p + 2041. Calculate s(-14).
-283
Let n(c) = 10516*c - 904388. What is n(86)?
-12
Let q(b) = -4*b**3 - 100*b**2 + 106*b - 22. Calculate q(-26).
-74
Let y(p) = -10*p**2 + 311*p - 2255. Determine y(10).
-145
Let a(f) = -f**3 + 62*f**2 - 940*f - 43. What is a(35)?
132
Let c(u) = 505*u + 9303. What is c(-18)?
213
Let y(v) = -56*v**3 - 4*v**2 + 14*v + 1. Give y(2).
-435
Let g(u) = u**3 + 64*u**2 - 478*u - 37340. Give g(-62).
-16
Let s(i) = -451*i + 584. Give s(-1).
1035
Let l(s) = -26143*s + 5280890. Give l(202).
4
Let u(v) = -760311*v - 3041247. Give u(-4).
-3
Let w(l) = 83*l**2 - 14946*l + 1072. What is w(180)?
-8
Let b(a) = -26445*a - 28307. Give b(-1).
-1862
Let b(l) = -263*l**2 + 6185*l - 18565. Determine b(3).
-2377
Let c(k) = 10*k**3 + 210*k**2 + 32*k + 622. Calculate c(-21).
-50
Let y(s) = 2*s**3 + s**2 - 2457*s - 9. What is y(0)?
-9
Let m(g) = g**3 + 110*g**2 + 383*g - 3230. What is m(-106)?
1116
Let u(r) = 4*r**3 - 3*r**2 - 162*r + 625. Give u(4).
185
Let t(z) = -z**2 - 73737*z - 15147385. What is t(-206)?
1
Let x(w) = -11*w**3 + 22*w**2 + 116*w + 181. What is x(-4)?
773
Let q(u) = u**2 + 261973*u - 8122129. Calculate q(31).
-5
Let s(x) = x**2 - 478*x - 18508. Give s(-36).
-4
Let d(n) = -1375*n - 25088. Give d(-18).
-338
Let v(c) = 2406*c + 245304. Give v(-101).
2298
Let d(x) = -4*x**2 + 1992*x + 24373. What is d(-12)?
-107
Let g(n) = -59*n + 510. Give g(2).
392
Let a(n) = 1006*n + 16592. Determine a(-20).
-3528
Let v(j) = 132845*j + 797051. Determine v(-6).
-19
Let d(n) = n**2 + 39354*n + 314773. Determine d(-8).
5
Let l(o) = -6*o**2 + 1637*o + 86173. Give l(318).
-5
Let l(c) = 35743*c - 72063. Give l(2).
-577
Let f(d) = d**2 - 631015*d - 5679223. Give f(-9).
-7
Let q(o) = -o**2 + 98*o - 1930. Give q(29).
71
Let s(j) = -12*j**2 + 3102*j + 24843. Determine s(-8).
-741
Let y(r) = 304*r**2 - 266*r - 52. Calculate y(1).
-14
Let v(i) = i**2 + 163*i + 2902. Calculate v(-22).
-200
Let j(p) = p**3 + 172*p**2 + 3051*p - 8638. Give j(-23).
10
Let x(k) = 7*k**2 - 582760*k + 4. Determine x(0).
4
Let c(v) = v**3 - 35*v**2 + 253*v - 135. Calculate c(25).
-60
Let l(j) = j**3 + 137*j**2 + 40*j - 187. Calculate l(0).
-187
Let f(d) = -d**3 + 4*d**2 - 54*d + 22. Give f(5).
-273
Let a(k) = 2*k**2 - 926*k + 99316. Determine a(293).
-304
Let z(w) = -w**3 - 12*w**2 + 3725*w + 44813. Calculate z(-12).
113
Let t(h) = -196*h - 1513. Give t(0).
-1513
Let r(z) = -706*z - 6648. What is r(-10)?
412
Let m(s) =